t**2 + 11*t - 44. What is the hundreds digit of g(14)?
6
What is the tens digit of ((6552/16)/13)/(3/52)?
4
Let p = -389 - -557. What is the tens digit of p?
6
Let v be (-1343)/(-9) + 6/(-27). Suppose 9 - v = -5*t. What is the tens digit of t?
2
Let a(m) = -113*m + 203. What is the tens digit of a(-8)?
0
Suppose 41*t + 2292 = 47*t. What is the hundreds digit of t?
3
Suppose 21*z + 9 = 18*z. What is the units digit of (-3)/(z/(-44)*-2)?
2
Let n(m) = m + 8. Let o be n(-7). Let r(v) = v - 1. Let b(k) = -10*k + 2. Let x(i) = o*b(i) + r(i). What is the units digit of x(-3)?
8
Suppose -4*a - a = -3*a. Suppose -i + 27 + 42 = a. What is the units digit of i?
9
What is the units digit of -37*((-57)/15 - 4/20)?
8
Let u(z) = 2*z - 3*z + 1 + 5*z**2 - 6 + 15. What is the tens digit of u(-5)?
4
Suppose 3*b = z + 44, -5*b + 2*z - 7*z = -60. Suppose -b*w + 10 = -13*w. What is the units digit of w?
0
Let f = -1432 + 4295. What is the tens digit of f?
6
Let k be 213/(-6)*-12 + 2. Let i = k - 216. What is the tens digit of i?
1
Suppose 0 = 4*f + 21 + 7. Let d(x) = x**2 + 5*x - 11. Let m be d(f). Suppose r = m*r - 32. What is the tens digit of r?
1
Let h = 12 - 5. Suppose 3*k - h*k - 12 = 0. What is the units digit of 66*((-3)/2)/k?
3
Suppose 2*b + 4*m = 74, 0*b - 3*m + 178 = 5*b. What is the tens digit of b?
3
Let o(y) = 722*y - 10. What is the hundreds digit of o(1)?
7
What is the units digit of 1*11*(2 + (0 - 1))?
1
What is the tens digit of 43034/26 + (-166)/1079?
5
Let g = -1 + -4. Let l = 1 + g. What is the units digit of l/(3 - 52/16)?
6
Suppose 0 = 7*w - 2*w - 15. Suppose 3*a - 4*a = -5. Suppose 0 = -w*m - 5*l + 44, a*m = 3*l - 2*l + 120. What is the units digit of m?
3
Suppose -472*y - 11928 = -474*y. What is the units digit of y?
4
Suppose -4*i = i - 15. Let t be -8 + 8 + 1 + 15. Let r = t + i. What is the tens digit of r?
1
Suppose -3*f + 13 = -446. Let q = -105 + f. Let o = q + 13. What is the tens digit of o?
6
Let r(i) = -i**2 - 15*i - 11. Let y be r(-14). Suppose 0 = -v + y*a + 19, -96 = 3*v - 6*v - 4*a. What is the units digit of v?
8
What is the units digit of -2 + (-1 - -11) - (25 + -24)?
7
Let i = -1 - -20. Let v = -148 - -116. Let x = i - v. What is the tens digit of x?
5
Let f = -477 - -1100. What is the hundreds digit of f?
6
Let x be (45/30)/((-3)/(-40)). Suppose x = -3*g - 2*g. Let i(n) = n**2 + 2*n - 1. What is the units digit of i(g)?
7
Let s = 23 + -16. Suppose 0 = 2*y - s*y - 45. What is the tens digit of 10/(-4)*(y + 1)?
2
Let l(s) = 6*s + 3 - 3 + 5. Let w be l(-2). Let i(r) = r**2 + 5*r + 10. What is the units digit of i(w)?
4
Let c(s) = -s - 1. Let v be c(0). Let t be 10*(v - (-3)/15). What is the tens digit of 17*(4 + t - -5)?
1
Suppose -4*g + 29 + 3 = 0. Suppose -3*u = -b + 2*b + 21, 35 = -5*u - b. Let i = g + u. What is the units digit of i?
1
Suppose 0 = 12*r - 29284 - 13772. What is the tens digit of r?
8
Let k(u) be the third derivative of u**5/30 - 25*u**4/24 + u**3/2 + 9*u**2. Let n be k(17). Let a = n - 96. What is the units digit of a?
0
Let s = -2 + 2. Suppose s = -3*l + 13 - 7. Suppose -l*g + 35 = -61. What is the tens digit of g?
4
What is the tens digit of (528/(-55) + 10)/(2/3595)?
1
Suppose 5*q - 5*g - 38 = 2*q, -2*q + 28 = -4*g. Suppose 4*a + 8 = q*a, 3*a = h - 32. What is the units digit of h?
4
Let w = 18 - -9. Let j = 30 - w. What is the units digit of j?
3
Suppose -3*s - 5760 = -8*s + 5*d, -4*d = -s + 1143. What is the units digit of s?
5
Let q = -75 - -969. What is the units digit of q?
4
Let o be 4/(-22) - (-399)/77. Suppose 3*l - 66 - 42 = 3*c, -o*c = -4*l + 148. Suppose 0 = -2*w + 10, -2*v = -3*v + w + l. What is the tens digit of v?
3
Let p(q) = -q**2. Let f be p(1). Let x = 855 - 797. Let s = x + f. What is the units digit of s?
7
Let c be (-8)/12 + (-4)/12. What is the tens digit of -54*(3/9)/c?
1
Suppose 0 = y + 2*y - 9. Suppose z + 8 = s - 2*z, y*s = 5*z + 20. Suppose s*h = 35 + 10. What is the units digit of h?
9
Let o(x) = -1005*x**3 + x**2 - 6*x - 7. What is the units digit of o(-1)?
5
Let w(u) = -5*u**3 - u**2 - u. Let b be w(-1). Suppose -z + 539 = b*k, -305 = -3*k + 6*z - 2*z. What is the units digit of k?
7
Let m be ((-592)/(-20))/(-2)*10. Let g be 2/((-8)/m + 0). Suppose 78 = 5*i - g. What is the tens digit of i?
2
Suppose 3*y - 142 = -4*a, 4*a + 2*y = 2*a + 72. What is the units digit of ((-13)/(-26))/(1/a)?
7
Let h(o) = -o**2 - 22*o + 25. Let j be h(-22). What is the units digit of (-549)/(-5) + 5/j?
0
Let h(y) = y**3 - 6*y**2 + 5*y. Let a be h(5). Let z(k) = 5*k + 19. What is the units digit of z(a)?
9
Let q = -178 - -201. Suppose -5*g - 80 - 10 = 0. Let y = q + g. What is the units digit of y?
5
Let i = 16 - 25. Let c be (-6)/i*126/6. Suppose -c*t + 144 = -10*t. What is the units digit of t?
6
Let m be 3 + (-1)/((-2)/18). Suppose 0 = m*p - 9*p. Suppose p = -4*w - 0*w + 148. What is the tens digit of w?
3
Suppose -9*s = -639 - 513. What is the units digit of s?
8
Suppose 74 - 58 = 4*y. Let f(z) = 20*z**2 - 6*z + 2. What is the units digit of f(y)?
8
Let h be 0 + (3 + 0)/(3/35). What is the units digit of (h - -1)*(-1)/(-1)?
6
Suppose 2*m - 460 = 5*b, 2*m - b - 231 = 213. What is the units digit of m?
0
Let p be (-16)/(-28)*(-21)/6. Let i be 8 - (p + (-4)/(-1)). Suppose 2*a = 2*h - i*h + 270, -2*a - 55 = -h. What is the tens digit of h?
6
Suppose 869*a + 7983 = 878*a. What is the hundreds digit of a?
8
Suppose 3*f - 2*f = 15. Suppose -5 + f = -5*z, -11 = -b - 2*z. Suppose b = 2*g - 33. What is the tens digit of g?
2
Suppose 3*q - 3*g - 1038 = -0*g, 1368 = 4*q + 4*g. What is the hundreds digit of q?
3
Let w be 6/(-9) + 22/6. Let s(j) = -2*j - j**2 + 4*j**2 + 23 - w*j**3 - 5*j**2 - 24. What is the units digit of s(-1)?
2
Suppose 8*z + 5*z = 468. What is the units digit of z/162 + 1508/18?
4
Suppose 2*m - 188 = -y, -23*m = -2*y - 19*m + 360. What is the hundreds digit of y?
1
Suppose 5*j - 22 - 5 = -2*a, 2*j - 6 = 0. What is the tens digit of (-33)/(-12)*a*8*1?
3
Suppose 9*r - 36 = 3*r. Suppose -r*n + 205 = -n. Let u = n + -13. What is the units digit of u?
8
Let w = 174 - -100. Suppose 3*m + w = 1102. What is the hundreds digit of m?
2
Let g = 360 - 686. Let f = -174 - g. What is the tens digit of f?
5
Let m(l) = -7*l**2 - 2*l**2 - 2*l - 2 - 25*l**3 + 24*l**3 + 20. What is the tens digit of m(-10)?
3
Suppose 244*y = 249*y - 10485. What is the units digit of y?
7
Let k be ((-56)/(-3))/(-4)*-3. Let v(y) = -y**3 - 2*y**2 - y - 2. Let t be v(-2). Suppose t = -a + c - 1 + k, a + 4*c = 28. What is the tens digit of a?
1
Let d(f) be the second derivative of -3*f**5/10 + f**4/12 - f**3/3 - 3*f**2/2 - 20*f. What is the tens digit of d(-3)?
7
Let s be ((-160)/8)/(-2 - 0). Let y(p) = p**2 - 11*p + 14. Let g be y(s). Let m(b) = 2*b**2 - 4*b - 2. What is the units digit of m(g)?
4
Let w(i) = 3*i + 31. Let c be w(13). Let u = -38 + c. What is the tens digit of u?
3
Suppose -2*n + 1684 = -5*a - 6*n, -2*n + 8 = 0. Let s = -221 - a. What is the tens digit of s?
1
Suppose -29 = -d - 2*d - 4*j, 0 = 5*j + 20. Let b be (12/d)/(3/15). Suppose 0*c = b*v - 2*c - 50, -2*c = -3*v + 37. What is the tens digit of v?
1
Let c be 1/1 + -7 + -4. What is the units digit of 1980/(-54)*24/c?
8
Let f(n) = -n - 3. Let g be f(-8). Suppose 263 = 3*s - 2*t, 5*s + 0*s - g*t = 445. Suppose 4*k + 10 = 4*p - 2*p, -5*p - 5*k = -s. What is the units digit of p?
3
Let n(g) = 2*g**2 - 5*g - 24. Let l be n(-8). What is the units digit of (2/6)/(870/l - 6)?
8
Suppose 3*i = 2*n + 2 + 3, 10 = -3*n + 5*i. Suppose -9*b = -n*b - 512. What is the units digit of b?
8
What is the tens digit of 2680/7 + 1/7?
8
Let f = 2094 + -1162. Suppose 3*l = -l + f. Suppose -2*i = 85 - l. What is the tens digit of i?
7
Suppose 109505 - 37510 = 17*i. What is the hundreds digit of i?
2
Let a(m) = m**3 + 22*m**2 + 43*m - 23. What is the hundreds digit of a(-18)?
4
Let r(t) = 4*t + 43. Let v(c) = 1. Let s(h) = r(h) - 6*v(h). What is the hundreds digit of s(19)?
1
Let y = 342 - 184. Suppose 2*l - y = -3*u, 43 = 3*u + 3*l - 113. What is the units digit of u?
4
Let j(h) = -h**3 - h**2 - 29*h + 6. What is the tens digit of j(-11)?
3
Suppose -39 = -5*y - 4. Suppose 49 = i - 4. Suppose 2*j - 3*d = i, j + y*d - 10 = 3*d. What is the tens digit of j?
2
Let x = 3923 - 1552.